t r(n) = -2*n - 34. Give r(l).
-34
Let f(m) = 1966*m + 2*m**3 - 1929*m - 21*m**2 + 25 - m**3. Calculate f(19).
6
Let r(w) = 0 - 5*w - 4*w + 1. Let z(l) = -l**2 - 84*l - 319. Let g be z(-80). Give r(g).
-8
Let b(y) = -5*y - 3. Let m be (-1)/2 + 15*63/90. Determine b(m).
-53
Let s = -13 - 0. Let r(b) = -b - 6. Let j be r(s). Suppose 5*k + 25 = 3*q, 2*q - j*q = k + 5. Let h(o) = o**2 - o - 5. Determine h(q).
-5
Let g(k) be the third derivative of -47*k**5/60 + k**4/8 - k**3/3 - 27*k**2 - k. Give g(1).
-46
Let g(d) be the first derivative of -d**4/4 + d**3/3 + 9*d**2/2 + 6*d - 286. Let k(t) = -2*t**3 + 5*t**2 + 19*t + 11. Let a(o) = -5*g(o) + 2*k(o). Give a(-6).
-2
Let c(w) = -2*w**3 + 2*w**2 + 8*w - 8. Suppose 13*n - 92 = -28*n + 31. Give c(n).
-20
Let z = -27 - -31. Suppose z*a - 6 = 10. Suppose a = 8*h + 44. Let q(r) = r**2 + 5*r - 2. Determine q(h).
-2
Let v(b) be the first derivative of 0*b**2 + 8*b**2 - 3*b - 3*b**2 - 106 - 2*b**2. Calculate v(2).
9
Let q(b) be the first derivative of -7*b**6/360 - b**5/60 + b**4/24 - b**3 - 21*b - 246. Let v(t) be the third derivative of q(t). Calculate v(-2).
-23
Suppose 6*m - 53758 = -53692. Let j(a) = -a - 12. Calculate j(m).
-23
Let t(m) = -m**3 - 3*m**2 - 2*m - 5. Let l be (-29)/(435/(-60))*-1. Give t(l).
19
Suppose -4*h + 21 = 5*x, -2*h - 1 + 4 = -5*x. Let c(o) = 23*o**2 + o + 5. Let u(f) = -2*f**2 - 1. Let s(d) = h*u(d) + c(d). What is s(-1)?
15
Let b(i) be the second derivative of i**8/6720 - i**7/315 - i**6/120 - i**5/24 + 115*i**4/6 - 7*i + 4. Let m(v) be the third derivative of b(v). What is m(9)?
22
Suppose -4*i + 0*i = 5*r - 520, -4*i = -4*r - 484. Let k = 124 - i. Let f(c) = 5*c**2 - 5*c**2 + 7*c**2 + 5 - 4. What is f(k)?
8
Suppose -2*f + 15 = -b, 3*f = 8*b - 7*b + 20. Let t(a) = 1 + 5 - 2 + 6*a - 5*a. What is t(f)?
9
Let t(x) = 2*x**3 + 16*x**2 - x - 7. Let w(k) = 13*k**2 - 221*k - 8. Let y be w(17). What is t(y)?
1
Let b be ((-42)/12)/((-77)/374). Let v(y) = y**2 - 14*y - 55. Calculate v(b).
-4
Let q(l) be the first derivative of l**4/4 - 3*l**3 + 2*l**2 - 5*l + 2. Suppose -93*g + 85 = -659. What is q(g)?
-37
Let z = -172 + 164. Let b(l) = -l**2 - 15*l - 57. Let y be b(z). Let o(k) = 2*k**2 + 1. What is o(y)?
3
Let d(j) = 54*j**3 + 5*j**2 - 61*j. Let r(k) = 19*k**3 + 2*k**2 - 21*k. Let o(p) = -6*d(p) + 17*r(p). Give o(-3).
36
Let c be (-7 - 1)*681/454. Let g(h) = -14 - 3*h - 4*h**2 + 5*h**2 + 0*h + 14*h. Determine g(c).
-2
Let p(w) = -8*w - 47*w - 27 + 63*w - 10*w. Determine p(11).
-49
Suppose -90*f + 182 - 542 = 0. Let i(p) = p**2 - 13. Determine i(f).
3
Let m(w) = -17*w + 125. Let p(g) = 17*g - 168. Let a(l) = 4*m(l) + 3*p(l). What is a(-2)?
30
Let q(d) = -5*d**3 + 2*d**2 - 1. Suppose -2*i - 6 = 0, 3*p = p + i + 19. Suppose p*r = 14 - 6. What is q(r)?
-4
Let p(n) = -n**2 - n + 4. Suppose q + 0*q + 5*i - 15 = 0, q - 9 = -3*i. What is p(q)?
4
Let d(p) = p**2 + 7*p - 2. Suppose -71 = -4*t + 305. Suppose -2*h = -3*s - 2*s - 67, t = 3*h - s. Suppose -32*q - 5 = -h*q. Determine d(q).
-12
Let c(f) = f + 1. Suppose 0 = 4*n - 3*n + 2*n. Suppose 5*j - 11 + 26 = n. Let l = j - -9. Determine c(l).
7
Suppose v + 62 - 133 = 0. Let c = -70 + v. Let x(g) = 23*g**3 - 2*g**2 + 2*g - 1. Determine x(c).
22
Suppose 3*s - 2*t = 7, 14 - 5 = 4*s - 3*t. Let m be (-14 - 0/s)/2. Let x(d) = -d**2 - 6*d + 1. Calculate x(m).
-6
Let q be (3 + 4/(-1))*65. Let l = -54 - q. Let r(t) = l*t**2 + 4*t + 6*t**2 + 3*t**2 - 19*t**2 - 2. Give r(-4).
-2
Let z(b) = b - 3. Let d be (-3 - -6)*3 + -5. Suppose -65*f + 64*f + 3*g - d = 0, 2*f + 19 = -5*g. Give z(f).
-10
Let g(j) = -j**2 + 4*j + 1. Let w be (-6 + -52)*2*1/4. Let r = -27 - w. Suppose 4*d + 3*h - 15 = 0, -h + 3 = r*d - 6. Give g(d).
-11
Let s(i) = 119*i - 9. Let r(v) = 54*v - 4. Let q(d) = -7*r(d) + 3*s(d). Give q(1).
-20
Let c(d) be the second derivative of d**4/12 + 3*d**3 + 51*d**2/2 + d + 4178. Give c(-5).
-14
Let a(g) = 56*g + 325. Let k be 20/8*(-912)/380. Calculate a(k).
-11
Let h(g) = g**2 + 1. Suppose 242 = n + 154. Let s be 110/n - ((-18)/(-8) + -2). Calculate h(s).
2
Let u(x) be the third derivative of -19*x**4/24 + 6*x**3 - 4*x**2 - 55*x. Determine u(2).
-2
Let p(c) = c**2 - 3*c - 28. Suppose -n - 13 + 15 = 0, -2*n - 17 = -3*u. Determine p(u).
0
Let v(m) = -m**3 + 3*m**2 + 3*m**2 + 1 - 4*m + 3*m. Let d be 1 + 7/(-4) - 900/(-240). Let f be -10 - (-2 - 17) - d*1. Calculate v(f).
-5
Let f(g) be the first derivative of 5*g**2/2 + 14*g + 974. Give f(13).
79
Let j(s) = s**3 + 53*s**2 - 487*s + 76. Let a be j(-61). Let f(v) = v**3 - 14*v**2 - 16*v + 20. What is f(a)?
5
Suppose 2*v - 25 = -2*b + 3*v, 2*v - 46 = -4*b. Let l(y) = 3*y - 26817 + 52514 - 25726. What is l(b)?
7
Let c be (2 + 2)/(1/(-5)*-5). Let m be (155/30 + c/12)*2. Let d(k) = k**2 - 13*k + 22. Give d(m).
0
Let p(v) = v - 43 + 37 - 37 + 7. Determine p(31).
-5
Let c(k) = -k**2 + k + 3. Let t(g) = g**3 - g**2 - g + 8. Let v be t(-2). Let f(i) = -2*i**2 + 3*i + 6. Let m(q) = v*f(q) + 5*c(q). Calculate m(-4).
-9
Let n(l) be the second derivative of l**7/2520 - l**6/120 - l**5/24 + 37*l**4/12 - 94*l. Let z(f) be the third derivative of n(f). Determine z(5).
-10
Let b be -1 + -6 + 1 + (8 - -2). Let k(v) be the first derivative of v**4/4 - 5*v**3/3 + 5*v**2/2 - v - 32. Give k(b).
3
Suppose 108*n = 642 + 6. Let f(p) = -p + 2. What is f(n)?
-4
Let v(u) be the third derivative of 0 - 1/4*u**4 + 0*u**3 - 4*u**2 - 1/120*u**5 + 0*u - 1/360*u**6. Let i(f) be the second derivative of v(f). Determine i(3).
-7
Let g(d) be the second derivative of -d**5/20 + d**4/6 + 7*d**3/6 - 3*d**2/2 - 352*d. What is g(4)?
-7
Suppose -2*m - 9 - 3 = 0. Let f(n) = -33*n + 11*n + 13*n + 2 - n**2 - 5 - 12. Calculate f(m).
3
Let p(i) be the third derivative of -i**5/60 + 5*i**4/12 - 2*i**3/3 - i**2. Suppose -3*a + 3*u - 4228 + 4285 = 0, 0 = -3*a - 5*u - 23. Determine p(a).
5
Let m = 5 + -5. Let f be (-3)/9*m - 6. Let n(g) = 63*g - 31*g - 39*g - g**3 - 3*g**2 + 1 - 4*g**2 - 3. What is n(f)?
4
Let g(j) = -8*j**3 + 9*j**2 - 9*j - 11. Let n be 3*(28/(-21) - 3). Let m(h) = -4*h**3 + 4*h**2 - 4*h - 5. Let o(z) = n*m(z) + 6*g(z). Determine o(-2).
-21
Suppose -16 = -44*n + 40*n + 4*u, n + 3*u = -4. Suppose 0 = -3*k - 8 + 44. Suppose k + 4 = -n*y. Let a(m) = -m**3 - 7*m**2 + 8*m - 1. Give a(y).
-1
Let j(t) = t**2 - 8*t - 8. Let q(i) = i**2 + 17*i + 23. Suppose -h - 7*h = -16. Suppose -h*w - 5*w = 112. Let b be q(w). Give j(b).
-15
Let b(w) = -29*w + 56. Suppose -761*i + 379*i = -375*i - 14. Determine b(i).
-2
Let l = 110 - 203. Let w = l + 95. Suppose 0 = 2*i - 6 + w. Let r(v) = v**3 - v**2 - v + 2. Give r(i).
4
Let g(s) be the second derivative of -s**4/12 - s**3/6 - 5*s**2/2 + s. Let p be (-4)/(1/(-1)) - (-16)/8. Suppose i = p*i - 10*i. Give g(i).
-5
Let n(r) = r**3 + 7*r**2 + 5*r - 3. Let f(v) = 23*v + 38. Let m be f(-2). Let w be m + 4 - (3 + -1). Determine n(w).
3
Let x(q) = -3*q**3 + 26*q**2 + q - 19. Let n(d) = -d**3 + 1. Let s(a) = 2*n(a) - x(a). Let o be s(26). Let p(r) = -r**2 - 3*r + 6. Give p(o).
-4
Suppose 2*k + 3*r - 7 = 0, r + 2 = 5*k - 58. Let i(u) = 4*u - 2*u - 2*u**2 + k - 6 + u**2. Give i(5).
-10
Let m = 7017 - 7017. Let k(g) = g**3 - g**2 - 7*g - 4. What is k(m)?
-4
Suppose 2*h - 6*f = -8*f + 250, -3*f = -2*h + 225. Suppose 0 = 12*c - 36*c - h. Let x(p) = -2*p**2 - 7*p + 1. Give x(c).
-14
Let r(b) = -b**3 - 5*b**2 + 5*b - 8. Let d be r(-6). Let w be 3 + -2 - (d*20)/(-4). Let m(v) = -7*v - 11. What is m(w)?
52
Let y(m) = -3*m + 17. Let h(u) = u**2 + 13*u + 29. Let f be h(-12). Let c(x) = 8*x - 50. Let z(j) = f*y(j) + 6*c(j). What is z(-8)?
13
Let a be (3600/(-32))/(6/(-8)). Let c be 103/(-15) - 20/a. Let p(j) = j**3 + 8*j**2 + 7*j - 4. Calculate p(c).
-4
Let d(b) = 0*b**2 - 5 + b**2 + 3*b + 0*b + 0. Let n be 2*2 + -1 + 2. Suppose n*f + 15 = -5*z, 5*z - 3*f = -0*z - 23. Give d(z).
-1
Let y(i) = -i**3 - 16*i**2 + 2*i + 38. Suppose 818*d + 4*l = 813*d - 76, -5*d - 3*l = 77. Determine y(d).
6
Let d = -653 + 382. Let q = d - -277. Let f(t) = -t**3 + 4*t**2 + 8*t + 2. Determine f(q).
-22
Let w be (-3 + 67/2)*4. Suppose 467 = -i + 5*i + 5*c, -446 = -4*i + 2*c. Suppose -i = 3*x - w. Let l(y) = -y**3 + 3*y**2 - y + 4. What is l(x)?
1
Let v(a) be the first derivative of a**3/3 + 11*a**2 + 37*a + 8632. Calculate v(-19).
-20
Let l = -40/347